{"id":139,"date":"2025-02-27T14:40:17","date_gmt":"2025-02-27T14:40:17","guid":{"rendered":"https:\/\/editionscambli.com\/?page_id=139"},"modified":"2025-02-27T14:40:19","modified_gmt":"2025-02-27T14:40:19","slug":"dacquoise-voir-le-vers-a-moitie-plein","status":"publish","type":"page","link":"https:\/\/editionscambli.com\/?page_id=139","title":{"rendered":"Dacquoise : voir le vers \u00e0 moiti\u00e9 plein"},"content":{"rendered":"\n<div class=\"wp-block-group alignfull has-accent-2-background-color has-background is-vertical is-content-justification-center is-nowrap is-layout-flex wp-container-core-group-is-layout-2215816d wp-block-group-is-layout-flex\" style=\"min-height:100vh;margin-top:0;margin-bottom:0;padding-top:var(--wp--preset--spacing--50);padding-right:var(--wp--preset--spacing--50);padding-bottom:var(--wp--preset--spacing--50);padding-left:var(--wp--preset--spacing--50)\">\n<div class=\"wp-block-columns alignwide are-vertically-aligned-center has-background is-layout-flex wp-container-core-columns-is-layout-47c06fe3 wp-block-columns-is-layout-flex\" style=\"background:linear-gradient(180deg,rgb(207,202,190) 0%,rgb(249,249,249) 40%)\">\n<div class=\"wp-block-column is-vertically-aligned-center is-layout-flow wp-block-column-is-layout-flow\" style=\"flex-basis:40%\">\n<figure class=\"wp-block-image size-full is-style-default\"><img loading=\"lazy\" decoding=\"async\" width=\"800\" height=\"800\" sizes=\"auto, (max-width: 248px) 100vw, 248px\" src=\"https:\/\/editionscambli.com\/wp-content\/uploads\/2024\/10\/Untitled-Project-1-1.png\" alt=\"\" class=\"wp-image-141\" style=\"aspect-ratio:4\/3;object-fit:cover\" srcset=\"https:\/\/editionscambli.com\/wp-content\/uploads\/2024\/10\/Untitled-Project-1-1.png 800w, https:\/\/editionscambli.com\/wp-content\/uploads\/2024\/10\/Untitled-Project-1-1-300x300.png 300w, https:\/\/editionscambli.com\/wp-content\/uploads\/2024\/10\/Untitled-Project-1-1-150x150.png 150w, https:\/\/editionscambli.com\/wp-content\/uploads\/2024\/10\/Untitled-Project-1-1-768x768.png 768w\" \/><\/figure>\n\n\n\n<div class=\"wp-block-group is-nowrap is-layout-flex wp-container-core-group-is-layout-6c531013 wp-block-group-is-layout-flex\">\n<h1 class=\"wp-block-heading has-text-align-right\" style=\"margin-right:0;margin-left:calc( var(--wp--preset--spacing--20) * -1);font-size:clamp(5.174rem, 5.174rem + ((1vw - 0.2rem) * 11.377), 12rem);line-height:1;writing-mode:vertical-rl\">La po\u00e9sie au pr\u00e9sent<\/h1>\n<\/div>\n\n\n\n<div class=\"wp-block-group is-layout-flow wp-container-core-group-is-layout-8f7ed23f wp-block-group-is-layout-flow\" style=\"min-height:100%;margin-top:0;margin-bottom:0;padding-right:0;padding-left:0\"><\/div>\n<\/div>\n\n\n\n<div class=\"wp-block-column is-vertically-aligned-top is-layout-flow wp-block-column-is-layout-flow\" style=\"flex-basis:60%\">\n<p>C&rsquo;est pourquoi nous faisons mettre dans les rayons de vos librairies pr\u00e9f\u00e9r\u00e9es les vers contemporains de nos meilleurs auteurs.<\/p>\n\n\n\n<p class=\"wp-container-content-0733e5d0\">La po\u00e9sie fait partie de l&rsquo;ADN profond de la maison Cambli. <\/p>\n<\/div>\n<\/div>\n<\/div>\n\n\n\n<p>Retrouvez les textes de la collection :<\/p>\n\n\n\n<div class=\"wp-block-columns is-layout-flex wp-container-core-columns-is-layout-28f84493 wp-block-columns-is-layout-flex\">\n<div class=\"wp-block-column is-layout-flow wp-block-column-is-layout-flow\">\n<figure class=\"wp-block-image size-full\"><a href=\"https:\/\/kdp.amazon.com\/amazon-dp-action\/fr\/dualbookshelf.marketplacelink\/B0DW8X95PS\"><img loading=\"lazy\" decoding=\"async\" width=\"512\" height=\"800\" sizes=\"auto, (max-width: 206px) 100vw, 206px\" src=\"https:\/\/editionscambli.com\/wp-content\/uploads\/2025\/02\/Poesie-Hugo-2.jpg\" alt=\"\" class=\"wp-image-216\" srcset=\"https:\/\/editionscambli.com\/wp-content\/uploads\/2025\/02\/Poesie-Hugo-2.jpg 512w, https:\/\/editionscambli.com\/wp-content\/uploads\/2025\/02\/Poesie-Hugo-2-192x300.jpg 192w\" \/><\/a><\/figure>\n<\/div>\n\n\n\n<div class=\"wp-block-column is-layout-flow wp-block-column-is-layout-flow\">\n<figure class=\"wp-block-image size-large\"><a href=\"https:\/\/kdp.amazon.com\/amazon-dp-action\/fr\/dualbookshelf.marketplacelink\/1731118031\"><img loading=\"lazy\" decoding=\"async\" width=\"655\" height=\"1024\" sizes=\"auto, (max-width: 206px) 100vw, 206px\" src=\"https:\/\/editionscambli.com\/wp-content\/uploads\/2025\/02\/Poesie-Tang-655x1024.jpg\" alt=\"\" class=\"wp-image-213\" srcset=\"https:\/\/editionscambli.com\/wp-content\/uploads\/2025\/02\/Poesie-Tang-655x1024.jpg 655w, https:\/\/editionscambli.com\/wp-content\/uploads\/2025\/02\/Poesie-Tang-192x300.jpg 192w, https:\/\/editionscambli.com\/wp-content\/uploads\/2025\/02\/Poesie-Tang-768x1200.jpg 768w, https:\/\/editionscambli.com\/wp-content\/uploads\/2025\/02\/Poesie-Tang-983x1536.jpg 983w, https:\/\/editionscambli.com\/wp-content\/uploads\/2025\/02\/Poesie-Tang-1311x2048.jpg 1311w, https:\/\/editionscambli.com\/wp-content\/uploads\/2025\/02\/Poesie-Tang.jpg 1600w\" \/><\/a><\/figure>\n<\/div>\n\n\n\n<div class=\"wp-block-column is-layout-flow wp-block-column-is-layout-flow\">\n<figure class=\"wp-block-image size-large\"><a href=\"https:\/\/kdp.amazon.com\/amazon-dp-action\/fr\/dualbookshelf.marketplacelink\/2487977094\"><img loading=\"lazy\" decoding=\"async\" width=\"655\" height=\"1024\" sizes=\"auto, (max-width: 206px) 100vw, 206px\" src=\"https:\/\/editionscambli.com\/wp-content\/uploads\/2025\/02\/Livre-Collection-655x1024.jpg\" alt=\"\" class=\"wp-image-193\" srcset=\"https:\/\/editionscambli.com\/wp-content\/uploads\/2025\/02\/Livre-Collection-655x1024.jpg 655w, https:\/\/editionscambli.com\/wp-content\/uploads\/2025\/02\/Livre-Collection-192x300.jpg 192w, https:\/\/editionscambli.com\/wp-content\/uploads\/2025\/02\/Livre-Collection-768x1200.jpg 768w, https:\/\/editionscambli.com\/wp-content\/uploads\/2025\/02\/Livre-Collection-983x1536.jpg 983w, https:\/\/editionscambli.com\/wp-content\/uploads\/2025\/02\/Livre-Collection-1311x2048.jpg 1311w, https:\/\/editionscambli.com\/wp-content\/uploads\/2025\/02\/Livre-Collection.jpg 1600w\" \/><\/a><\/figure>\n<\/div>\n<\/div>\n","protected":false},"excerpt":{"rendered":"<p>La po\u00e9sie au pr\u00e9sent C&rsquo;est pourquoi nous faisons mettre dans les rayons de vos librairies pr\u00e9f\u00e9r\u00e9es les vers contemporains de nos meilleurs auteurs. La po\u00e9sie fait partie de l&rsquo;ADN profond de la maison Cambli. Retrouvez les textes de la collection :<\/p>\n","protected":false},"author":1,"featured_media":142,"parent":0,"menu_order":0,"comment_status":"closed","ping_status":"closed","template":"","meta":{"footnotes":""},"class_list":["post-139","page","type-page","status-publish","has-post-thumbnail","hentry"],"_links":{"self":[{"href":"https:\/\/editionscambli.com\/index.php?rest_route=\/wp\/v2\/pages\/139","targetHints":{"allow":["GET"]}}],"collection":[{"href":"https:\/\/editionscambli.com\/index.php?rest_route=\/wp\/v2\/pages"}],"about":[{"href":"https:\/\/editionscambli.com\/index.php?rest_route=\/wp\/v2\/types\/page"}],"author":[{"embeddable":true,"href":"https:\/\/editionscambli.com\/index.php?rest_route=\/wp\/v2\/users\/1"}],"replies":[{"embeddable":true,"href":"https:\/\/editionscambli.com\/index.php?rest_route=%2Fwp%2Fv2%2Fcomments&post=139"}],"version-history":[{"count":5,"href":"https:\/\/editionscambli.com\/index.php?rest_route=\/wp\/v2\/pages\/139\/revisions"}],"predecessor-version":[{"id":252,"href":"https:\/\/editionscambli.com\/index.php?rest_route=\/wp\/v2\/pages\/139\/revisions\/252"}],"wp:featuredmedia":[{"embeddable":true,"href":"https:\/\/editionscambli.com\/index.php?rest_route=\/wp\/v2\/media\/142"}],"wp:attachment":[{"href":"https:\/\/editionscambli.com\/index.php?rest_route=%2Fwp%2Fv2%2Fmedia&parent=139"}],"curies":[{"name":"wp","href":"https:\/\/api.w.org\/{rel}","templated":true}]}}