{"id":281,"date":"2025-08-23T10:03:23","date_gmt":"2025-08-23T10:03:23","guid":{"rendered":"https:\/\/editionscambli.com\/?page_id=281"},"modified":"2025-08-23T10:04:12","modified_gmt":"2025-08-23T10:04:12","slug":"evenements","status":"publish","type":"page","link":"https:\/\/editionscambli.com\/?page_id=281","title":{"rendered":"Ev\u00e9nements"},"content":{"rendered":"\n<div class=\"wp-block-group alignfull has-accent-background-color has-background has-global-padding is-layout-constrained wp-container-core-group-is-layout-669513ed wp-block-group-is-layout-constrained\" style=\"margin-top:0;margin-bottom:0;padding-top:var(--wp--preset--spacing--50);padding-right:var(--wp--preset--spacing--50);padding-bottom:var(--wp--preset--spacing--50);padding-left:var(--wp--preset--spacing--50)\">\n<div class=\"wp-block-columns alignwide is-layout-flex wp-container-core-columns-is-layout-1da03c2a wp-block-columns-is-layout-flex\">\n<div class=\"wp-block-column is-vertically-aligned-stretch is-layout-flow wp-block-column-is-layout-flow\" style=\"flex-basis:50%\">\n<div class=\"wp-block-group is-vertical is-content-justification-stretch is-layout-flex wp-container-core-group-is-layout-444d5ee8 wp-block-group-is-layout-flex\" style=\"min-height:100%\">\n<p class=\"has-heading-font-family has-x-large-font-size\" style=\"line-height:1.2\">Retrouvez sur cette page les diff\u00e9rents \u00e9v\u00e8nements autour de la maison Cambli : conf\u00e9rences, lancements, interviews, s\u00e9ances de d\u00e9dicaces&#8230;<\/p>\n\n\n\n<div class=\"wp-block-group has-global-padding is-content-justification-left is-layout-constrained wp-container-core-group-is-layout-9fe8ed88 wp-block-group-is-layout-constrained\">\n<p class=\"wp-container-content-0733e5d0\"><\/p>\n\n\n\n<div class=\"wp-block-buttons is-layout-flex wp-block-buttons-is-layout-flex\"><\/div>\n<\/div>\n<\/div>\n<\/div>\n\n\n\n<div class=\"wp-block-column is-vertically-aligned-center is-layout-flow wp-block-column-is-layout-flow\" style=\"flex-basis:50%\">\n<figure class=\"wp-block-image size-large is-style-rounded is-style-rounded--1\"><img loading=\"lazy\" decoding=\"async\" width=\"1024\" height=\"683\" sizes=\"auto, (max-width: 310px) 100vw, 310px\" src=\"https:\/\/editionscambli.com\/wp-content\/uploads\/2025\/08\/ZKAN7320-1024x683.jpg\" alt=\"\" class=\"wp-image-282\" style=\"aspect-ratio:3\/4;object-fit:cover\" srcset=\"https:\/\/editionscambli.com\/wp-content\/uploads\/2025\/08\/ZKAN7320-1024x683.jpg 1024w, https:\/\/editionscambli.com\/wp-content\/uploads\/2025\/08\/ZKAN7320-300x200.jpg 300w, https:\/\/editionscambli.com\/wp-content\/uploads\/2025\/08\/ZKAN7320-768x512.jpg 768w, https:\/\/editionscambli.com\/wp-content\/uploads\/2025\/08\/ZKAN7320-1536x1024.jpg 1536w, https:\/\/editionscambli.com\/wp-content\/uploads\/2025\/08\/ZKAN7320-2048x1365.jpg 2048w\" \/><\/figure>\n<\/div>\n<\/div>\n<\/div>\n\n\n\n<div class=\"wp-block-group alignfull has-base-background-color has-background has-global-padding is-layout-constrained wp-container-core-group-is-layout-d89aad35 wp-block-group-is-layout-constrained\" style=\"margin-top:0;margin-bottom:0;padding-top:var(--wp--preset--spacing--50);padding-right:var(--wp--preset--spacing--50);padding-bottom:var(--wp--preset--spacing--50);padding-left:var(--wp--preset--spacing--50)\">\n<div class=\"wp-block-columns alignwide is-layout-flex wp-container-core-columns-is-layout-549b0c86 wp-block-columns-is-layout-flex\">\n<div class=\"wp-block-column has-global-padding is-content-justification-left is-layout-constrained wp-container-core-column-is-layout-4f15e8fe wp-block-column-is-layout-constrained\" style=\"flex-basis:40%\">\n<figure class=\"wp-block-embed is-type-video is-provider-youtube wp-block-embed-youtube wp-embed-aspect-16-9 wp-has-aspect-ratio\"><div class=\"wp-block-embed__wrapper\">\n<iframe loading=\"lazy\" title=\"L&#039;intervention de Baptiste Reina \u00e0 la CGTN : faire de la litt\u00e9rature mondiale une lecture mondiale\" width=\"500\" height=\"281\" src=\"https:\/\/www.youtube.com\/embed\/i9u7DFHkVyk?feature=oembed\" frameborder=\"0\" allow=\"accelerometer; autoplay; clipboard-write; encrypted-media; gyroscope; picture-in-picture; web-share\" referrerpolicy=\"strict-origin-when-cross-origin\" allowfullscreen><\/iframe>\n<\/div><\/figure>\n<\/div>\n\n\n\n<div class=\"wp-block-column is-layout-flow wp-container-core-column-is-layout-119bc444 wp-block-column-is-layout-flow\" style=\"flex-basis:60%\">\n<p class=\"has-heading-font-family has-x-large-font-size\" style=\"line-height:1.2\">Retrouvez l&rsquo;\u00e9mission <a href=\"https:\/\/editionscambli.com\/?page_id=269\" data-type=\"page\" data-id=\"269\">Dialogue<\/a>, dans laquelle Baptiste Reina d\u00e9taille sa vision d&rsquo;une litt\u00e9rature monde.<\/p>\n<\/div>\n<\/div>\n<\/div>\n\n\n\n<div class=\"wp-block-group alignfull has-accent-5-background-color has-background has-global-padding is-layout-constrained wp-container-core-group-is-layout-d89aad35 wp-block-group-is-layout-constrained\" style=\"margin-top:0;margin-bottom:0;padding-top:var(--wp--preset--spacing--50);padding-right:var(--wp--preset--spacing--50);padding-bottom:var(--wp--preset--spacing--50);padding-left:var(--wp--preset--spacing--50)\">\n<div class=\"wp-block-columns alignwide is-layout-flex wp-container-core-columns-is-layout-1da03c2a wp-block-columns-is-layout-flex\">\n<div class=\"wp-block-column is-vertically-aligned-center is-layout-flow wp-block-column-is-layout-flow\" style=\"flex-basis:60%\">\n<figure class=\"wp-block-image size-full is-style-rounded wp-duotone-unset-3 is-style-rounded--2\"><img loading=\"lazy\" decoding=\"async\" width=\"2560\" height=\"1707\" sizes=\"auto, (max-width: 372px) 100vw, 372px\" src=\"https:\/\/editionscambli.com\/wp-content\/uploads\/2025\/08\/Image-en-direct-86-1-scaled.jpg\" alt=\"\" class=\"wp-image-284\" style=\"aspect-ratio:4\/3;object-fit:cover\" srcset=\"https:\/\/editionscambli.com\/wp-content\/uploads\/2025\/08\/Image-en-direct-86-1-scaled.jpg 2560w, https:\/\/editionscambli.com\/wp-content\/uploads\/2025\/08\/Image-en-direct-86-1-300x200.jpg 300w, https:\/\/editionscambli.com\/wp-content\/uploads\/2025\/08\/Image-en-direct-86-1-1024x683.jpg 1024w, https:\/\/editionscambli.com\/wp-content\/uploads\/2025\/08\/Image-en-direct-86-1-768x512.jpg 768w, https:\/\/editionscambli.com\/wp-content\/uploads\/2025\/08\/Image-en-direct-86-1-1536x1024.jpg 1536w, https:\/\/editionscambli.com\/wp-content\/uploads\/2025\/08\/Image-en-direct-86-1-2048x1365.jpg 2048w\" \/><\/figure>\n<\/div>\n\n\n\n<div class=\"wp-block-column is-layout-flow wp-block-column-is-layout-flow\" style=\"flex-basis:40%\">\n<h2 class=\"wp-block-heading\">Retour en images sur l&rsquo;intervention de Cambli \u00e0 l&rsquo;association des \u00e9crivains de Chine<\/h2>\n\n\n\n<p>Il s&rsquo;agit de la plus prestigieuse institution litt\u00e9raire du pays. Nous y avons parl\u00e9 du travaille de Wang Shiyue, auteur que nous aurons \u00e0 coeur de faire d\u00e9couvrir aux francophones.<\/p>\n\n\n\n<div class=\"wp-block-buttons is-layout-flex wp-block-buttons-is-layout-flex\"><\/div>\n<\/div>\n<\/div>\n<\/div>\n","protected":false},"excerpt":{"rendered":"<p>Retrouvez sur cette page les diff\u00e9rents \u00e9v\u00e8nements autour de la maison Cambli : conf\u00e9rences, lancements, interviews, s\u00e9ances de d\u00e9dicaces&#8230; Retrouvez l&rsquo;\u00e9mission Dialogue, dans laquelle Baptiste Reina d\u00e9taille sa vision d&rsquo;une litt\u00e9rature monde. Retour en images sur l&rsquo;intervention de Cambli \u00e0 l&rsquo;association des \u00e9crivains de Chine Il s&rsquo;agit de la plus prestigieuse institution litt\u00e9raire du pays. [&hellip;]<\/p>\n","protected":false},"author":1,"featured_media":0,"parent":0,"menu_order":0,"comment_status":"closed","ping_status":"closed","template":"","meta":{"footnotes":""},"class_list":["post-281","page","type-page","status-publish","hentry"],"_links":{"self":[{"href":"https:\/\/editionscambli.com\/index.php?rest_route=\/wp\/v2\/pages\/281","targetHints":{"allow":["GET"]}}],"collection":[{"href":"https:\/\/editionscambli.com\/index.php?rest_route=\/wp\/v2\/pages"}],"about":[{"href":"https:\/\/editionscambli.com\/index.php?rest_route=\/wp\/v2\/types\/page"}],"author":[{"embeddable":true,"href":"https:\/\/editionscambli.com\/index.php?rest_route=\/wp\/v2\/users\/1"}],"replies":[{"embeddable":true,"href":"https:\/\/editionscambli.com\/index.php?rest_route=%2Fwp%2Fv2%2Fcomments&post=281"}],"version-history":[{"count":1,"href":"https:\/\/editionscambli.com\/index.php?rest_route=\/wp\/v2\/pages\/281\/revisions"}],"predecessor-version":[{"id":285,"href":"https:\/\/editionscambli.com\/index.php?rest_route=\/wp\/v2\/pages\/281\/revisions\/285"}],"wp:attachment":[{"href":"https:\/\/editionscambli.com\/index.php?rest_route=%2Fwp%2Fv2%2Fmedia&parent=281"}],"curies":[{"name":"wp","href":"https:\/\/api.w.org\/{rel}","templated":true}]}}